ided by 166?
164
Calculate the remainder when 575917510 is divided by 4948.
4946
What is the remainder when 812614 is divided by 6499?
239
What is the remainder when 464244 is divided by 4942?
4638
Calculate the remainder when 43408 is divided by 493.
24
Calculate the remainder when 255926 is divided by 1818.
1406
What is the remainder when 809696 is divided by 87?
74
Calculate the remainder when 86831 is divided by 724.
675
What is the remainder when 321 is divided by 16?
1
Calculate the remainder when 337970849 is divided by 2289.
2288
Calculate the remainder when 224615 is divided by 260.
235
What is the remainder when 72893517 is divided by 14?
11
Calculate the remainder when 7779740 is divided by 1150.
1140
Calculate the remainder when 9206 is divided by 31.
30
Calculate the remainder when 3972551 is divided by 4029.
3986
Calculate the remainder when 3520623 is divided by 19559.
3
Calculate the remainder when 44291753 is divided by 58.
53
What is the remainder when 1025283234 is divided by 36?
30
Calculate the remainder when 15059112 is divided by 109.
108
Calculate the remainder when 270205 is divided by 3509.
12
Calculate the remainder when 5672603 is divided by 3992.
3963
What is the remainder when 744948 is divided by 2013?
138
Calculate the remainder when 16021 is divided by 239.
8
Calculate the remainder when 781433 is divided by 1011.
941
What is the remainder when 8085969 is divided by 1103?
979
Calculate the remainder when 79597 is divided by 13239.
163
Calculate the remainder when 845047 is divided by 745.
217
Calculate the remainder when 7276224 is divided by 162.
156
Calculate the remainder when 156173 is divided by 156147.
26
What is the remainder when 765582116 is divided by 12?
8
Calculate the remainder when 245416 is divided by 61350.
16
What is the remainder when 1191234 is divided by 3984?
18
What is the remainder when 383242 is divided by 16645?
407
Calculate the remainder when 753863698 is divided by 10950.
10948
What is the remainder when 820796 is divided by 180?
176
What is the remainder when 114602 is divided by 1392?
458
Calculate the remainder when 793920 is divided by 49618.
32
Calculate the remainder when 798156 is divided by 3397.
3258
Calculate the remainder when 29426 is divided by 29248.
178
What is the remainder when 783940 is divided by 477?
229
What is the remainder when 36504 is divided by 11682?
1458
Calculate the remainder when 395468 is divided by 1683.
1646
Calculate the remainder when 24622759 is divided by 2185.
2179
What is the remainder when 420489 is divided by 533?
485
What is the remainder when 310970 is divided by 3750?
3470
Calculate the remainder when 32205980 is divided by 63.
2
Calculate the remainder when 21774 is divided by 5088.
1422
What is the remainder when 14527757 is divided by 49414?
41
What is the remainder when 167524446 is divided by 577?
574
Calculate the remainder when 6311887 is divided by 163.
38
What is the remainder when 3754570 is divided by 19?
18
Calculate the remainder when 130033 is divided by 42852.
1477
What is the remainder when 3277628 is divided by 76213?
469
Calculate the remainder when 17268 is divided by 3441.
63
What is the remainder when 54855219 is divided by 4635?
4629
What is the remainder when 6812841 is divided by 2287?
2155
Calculate the remainder when 559069309 is divided by 279534649.
11
What is the remainder when 13563 is divided by 463?
136
What is the remainder when 4868677 is divided by 518?
513
What is the remainder when 17736781 is divided by 5912251?
28
Calculate the remainder when 415888 is divided by 3249.
16
Calculate the remainder when 115541 is divided by 2804.
577
Calculate the remainder when 3159205 is divided by 2759.
150
Calculate the remainder when 188031 is divided by 187723.
308
Calculate the remainder when 267797 is divided by 479.
36
What is the remainder when 9438 is divided by 3144?
6
What is the remainder when 1239386 is divided by 309833?
54
Calculate the remainder when 362100 is divided by 862.
60
What is the remainder when 373677890 is divided by 3222?
3218
What is the remainder when 44648488 is divided by 22324210?
68
What is the remainder when 120815 is divided by 14960?
1135
What is the remainder when 1171163 is divided by 234194?
193
What is the remainder when 14747 is divided by 272?
59
What is the remainder when 1042233 is divided by 26722?
75
What is the remainder when 519876 is divided by 30571?
169
Calculate the remainder when 458293 is divided by 114201.
1489
What is the remainder when 1001740333 is divided by 34?
33
What is the remainder when 5110771 is divided by 2098?
43
Calculate the remainder when 1890899 is divided by 944331.
2237
What is the remainder when 2187576 is divided by 243056?
72
Calculate the remainder when 123036309 is divided by 123036294.
15
Calculate the remainder when 5432802 is divided by 54.
24
What is the remainder when 1593766 is divided by 160?
6
Calculate the remainder when 67008 is divided by 307.
82
What is the remainder when 3934871 is divided by 135685?
6
What is the remainder when 619156 is divided by 13412?
2204
Calculate the remainder when 98201 is divided by 5446.
173
What is the remainder when 227298 is divided by 1941?
201
Calculate the remainder when 1059607 is divided by 247.
224
Calculate the remainder when 2497466 is divided by 53.
0
Calculate the remainder when 11106021 is divided by 30511.
17
What is the remainder when 1859517 is divided by 3292?
2829
What is the remainder when 155133 is divided by 51551?
480
Calculate the remainder when 6819779 is divided by 974216.
267
What is the remainder when 498514 is divided by 124607?
86
Calculate the remainder when 6369 is divided by 3123.
123
Calculate the remainder when 10653878 is divided by 3927.
3854
What is the remainder when 85416 is divided by 6?
0
What is the remainder when 2697803 is divided by 34?
5
Calculate the remainder when 76826160 is divided by 3986.
3982
What is the remainder when 149746 is divided by 72089?
5568
Calculate the remainder when 111467 is divided by 55436.
595
What is the remainder when 10049182 is divided by 162?
160
What is the remainder when 182379 is divided by 26032?
155
Calculate the remainder when 1150794 is divided by 181.
177
What is the remainder when 3606912 is divided by 19392?
0
What is the remainder when 306880 is divided by 25398?
2104
Calculate the remainder when 944180 is divided by 4751.
3482
Calculate the remainder when 364545 is divided by 182149.
247
What is the remainder when 70270371 is divided by 248?
67
Calculate the remainder when 128733 is divided by 64334.
65
What is the remainder when 147165 is divided by 73556?
53
What is the remainder when 8741619 is divided by 434?
425
Calculate the remainder when 3849893 is divided by 701.
1
What is the remainder when 2161866 is divided by 216115?
716
What is the remainder when 55433799 is divided by 134548?
23
What is the remainder when 19786465 is divided by 103594?
11
What is the remainder when 83062792 is divided by 8062?
6
Calculate the remainder when 21749397 is divided by 1585.
27
What is the remainder when 61797625 is divided by 68?
41
What is the remainder when 1841620 is divided by 4821?
4819
What is the remainder when 87355 is divided by 182?
177
What is the remainder when 49703507 is divided by 37259?
1
What is the remainder when 7129637 is divided by 10378?
10329
Calculate the remainder when 1467699 is divided by 810.
789
Calculate the remainder when 34826115 is divided by 1583004.
27
What is the remainder when 3089770 is divided by 46?
42
Calculate the remainder when 2038635 is divided by 188.
151
Calculate the remainder when 113600 is divided by 274.
164
Calculate the remainder when 13766 is divided by 1719.
14
Calculate the remainder when 19992793 is divided by 869251.
20
What is the remainder when 33297 is divided by 16280?
737
What is the remainder when 3306072 is divided by 1232?
616
Calculate the remainder when 21386505 is divided by 80.
25
Calculate the remainder when 2096866 is divided by 42793.
9
Calculate the remainder when 874764 is divided by 872847.
1917
Calculate the remainder when 1977859 is divided by 597.
595
Calculate the remainder when 401445 is divided by 792.
693
Calculate the remainder whe